st the prime factors of 1048526818.
2, 19, 67, 411833
List the prime factors of 81373815.
3, 5, 17, 53, 223
List the prime factors of 356371874.
2, 43, 4143859
List the prime factors of 2586863067.
3, 1123, 767843
What are the prime factors of 226257480?
2, 3, 5, 628493
What are the prime factors of 57293918?
2, 11, 2604269
List the prime factors of 18924457.
61, 310237
List the prime factors of 44974322.
2, 22487161
What are the prime factors of 776132948?
2, 137, 277, 5113
What are the prime factors of 959472100?
2, 5, 47, 204143
List the prime factors of 2708687443.
7, 11, 19, 661, 2801
List the prime factors of 123667774.
2, 29, 103, 127, 163
What are the prime factors of 56686002?
2, 3, 9447667
What are the prime factors of 1155696364?
2, 23, 12561917
List the prime factors of 1390150216.
2, 7, 13, 1279, 1493
What are the prime factors of 45328560?
2, 3, 5, 188869
What are the prime factors of 221876824?
2, 13, 2133431
What are the prime factors of 268164758?
2, 134082379
What are the prime factors of 65462353?
11, 19, 293, 1069
List the prime factors of 213068620.
2, 5, 167, 63793
List the prime factors of 1471598706.
2, 3, 31, 37, 213833
What are the prime factors of 20922626?
2, 67, 156139
List the prime factors of 443097640.
2, 5, 11077441
What are the prime factors of 4337651?
4337651
What are the prime factors of 55742861?
67, 831983
List the prime factors of 2105421779.
29, 3499, 20749
What are the prime factors of 4448754346?
2, 23, 281, 344171
List the prime factors of 73370595.
3, 5, 2063, 2371
List the prime factors of 85722067.
2749, 31183
List the prime factors of 270269987.
13, 23, 903913
What are the prime factors of 153479856?
2, 3, 3197497
What are the prime factors of 46505917?
131, 355007
What are the prime factors of 236646565?
5, 251, 188563
What are the prime factors of 131354315?
5, 19, 1382677
What are the prime factors of 444611601?
3, 7, 7057327
List the prime factors of 12422305.
5, 7, 97, 3659
List the prime factors of 629854175.
5, 139, 181253
What are the prime factors of 342403942?
2, 171201971
List the prime factors of 338647470.
2, 3, 5, 7, 83, 19429
List the prime factors of 73922119.
73922119
What are the prime factors of 1547253788?
2, 386813447
What are the prime factors of 2253589781?
2253589781
List the prime factors of 1373123733.
3, 4093, 111827
What are the prime factors of 6361529973?
3, 19, 111605789
List the prime factors of 157124379.
3, 52374793
List the prime factors of 64436921.
64436921
What are the prime factors of 257261696?
2, 2009857
List the prime factors of 4110438464.
2, 11, 5838691
List the prime factors of 116492005.
5, 7, 61, 54563
List the prime factors of 76023816.
2, 3, 11, 47, 557
What are the prime factors of 262294198?
2, 131147099
What are the prime factors of 259691917?
13183, 19699
What are the prime factors of 667865436?
2, 3, 7, 7950779
List the prime factors of 118464848.
2, 19, 389687
What are the prime factors of 1750659976?
2, 13, 16833269
What are the prime factors of 5002915161?
3, 41, 5639, 7213
What are the prime factors of 793571797?
227, 3495911
List the prime factors of 25097475.
3, 5, 13, 25741
What are the prime factors of 392063509?
73, 5370733
What are the prime factors of 123277058?
2, 61638529
What are the prime factors of 78341435?
5, 15668287
List the prime factors of 122252635.
5, 137, 317, 563
What are the prime factors of 164034863?
109, 1504907
What are the prime factors of 3948062467?
37, 59, 1808549
What are the prime factors of 1627675?
5, 7, 71, 131
What are the prime factors of 137067933?
3, 47, 972113
List the prime factors of 2249739511.
2249739511
List the prime factors of 22435812.
2, 3, 7, 59, 503
List the prime factors of 691540563.
3, 7, 23, 41, 47, 743
What are the prime factors of 84217656?
2, 3, 3509069
List the prime factors of 278210584.
2, 41, 848203
What are the prime factors of 19548864?
2, 3, 419
List the prime factors of 726282207.
3, 7, 1280921
What are the prime factors of 19181424?
2, 3, 399613
List the prime factors of 51857619.
3, 11, 71, 22133
What are the prime factors of 37468271?
2129, 17599
What are the prime factors of 269053851?
3, 11, 19, 29, 14797
What are the prime factors of 68664378?
2, 3, 37, 43, 7193
List the prime factors of 364411403.
41, 8888083
What are the prime factors of 50046568?
2, 11, 13, 41, 97
What are the prime factors of 110278297?
6131, 17987
List the prime factors of 81655762.
2, 40827881
What are the prime factors of 23430576?
2, 3, 13, 37549
List the prime factors of 816616186.
2, 509, 802177
List the prime factors of 35573857.
11, 43, 75209
List the prime factors of 664006091.
7, 19, 109, 163, 281
What are the prime factors of 563576287?
1301, 433187
List the prime factors of 86353705.
5, 17270741
List the prime factors of 48623256.
2, 3, 11, 29, 73
List the prime factors of 280232571.
3, 53, 887, 1987
List the prime factors of 43764393.
3, 29, 503039
What are the prime factors of 441585452?
2, 7, 11, 31, 6607
What are the prime factors of 50708117?
50708117
List the prime factors of 41148912.
2, 3, 7, 29, 41, 103
What are the prime factors of 103632274?
2, 47, 181, 6091
List the prime factors of 38713436.
2, 211, 45869
List the prime factors of 52125362.
2, 233, 111857
What are the prime factors of 168169127?
7, 229, 2141
List the prime factors of 95964139.
4051, 23689
What are the prime factors of 2236959837?
3, 7, 433, 82003
List the prime factors of 48309652.
2, 83, 145511
What are the prime factors of 219473318?
2, 53, 1109, 1867
List the prime factors of 48953131.
23, 29, 3191
What are the prime factors of 6675899704?
2, 149, 5600587
What are the prime factors of 2385463612?
2, 7, 85195129
List the prime factors of 375891913.
17, 22111289
List the prime factors of 10060484.
2, 7, 51329
List the prime factors of 51715250.
2, 5, 269, 769
What are the prime factors of 931542653?
31, 751, 40013
List the prime factors of 132283382.
2, 7, 11, 431, 1993
List the prime factors of 1230484454.
2, 6299, 97673
What are the prime factors of 3591939956?
2, 11, 53, 569, 2707
What are the prime factors of 16757947?
59, 439, 647
What are the prime factors of 3561728094?
2, 3, 9209, 21487
List the prime factors of 128016143.
31, 4129553
List the prime factors of 207056571.
3, 69018857
List the prime factors of 36936957.
3, 43, 286333
What are the prime factors of 247075572?
2, 3, 20589631
List the prime factors of 242414350.
2, 5, 19, 255173
What are the prime factors of 333606092?
2, 83401523
What are the prime factors of 10611963?
3, 1069, 1103
What are the prime factors of 137263389?
3, 17, 2691439
What are the prime factors of 489122326?
2, 7, 11, 47, 67577
List the prime factors of 243098439.
3, 53, 281, 5441
List the prime factors of 300893291.
19, 23, 688543
What are the prime factors of 1027493611?
71, 2971, 4871
What are the prime factors of 8319717?
3, 7, 132059
List the prime factors of 101833780.
2, 5, 5091689
List the prime factors of 21658858.
2, 13, 833033
List the prime factors of 851942443.
11, 89, 251, 3467
List the prime factors of 63482663.
43, 743, 1987
List the prime factors of 211088236.
2, 52772059
List the prime factors of 3108064540.
2, 5, 7, 59, 317, 1187
List the prime factors of 213675854.
2, 7, 1097, 13913
What are the prime factors of 4897201?
29, 168869
List the prime factors of 10440431.
17, 614143
List the prime factors of 1307997262.
2, 11, 13, 487, 9391
What are the prime factors of 1320994546?
2, 157, 1013, 4153
What are the prime factors of 206819916?
2, 3, 17234993
What are the prime factors of 681650331?
3, 53, 97, 193, 229
List the prime factors of 70773499.
17, 19, 12889
List the prime factors of 1930078814.
2, 965039407
What are the prime factors of 323192998?
2, 89, 1815691
What are the prime factors of 4473855167?
17, 12659, 20789
What are the prime factors of 863395547?
7, 593, 207997
List the prime factors of 1040035384.
2, 17, 7647319
List the prime factors of 101470821.
3, 33823607
List the prime factors of 2230953371.
47, 59, 563, 1429
What are the prime factors of 101602537?
53, 1917029
What are the prime factors of 30721398?
2, 3, 103, 49711
What are the prime factors of 43305249?
3, 13, 67, 16573
List the prime factors of 2398455859.
241, 995